**2 + 2*b. Let r be q(-6). Let l be (-80)/12*r/(-4). What is the greatest common divisor of 10 and l?
10
Suppose -2 = -5*p + 4*s - 8, -3*p - 3*s = -18. Let r be (0 - 103)/(-1) + p. Let i be 3 + -12*(-4 - -3). What is the greatest common divisor of i and r?
15
Suppose -10 = -5*x, -2*f - 5*x = 3*f - 10. Let u(n) = 1 - 5 + 4*n**2 + 5*n + f. Let b be u(-4). What is the highest common divisor of b and 8?
8
Let q = 16 - 34. Let b = 21 + q. Calculate the greatest common divisor of b and 21.
3
Let t(c) = 3*c**2 - 2*c + 7 + 9*c - c**3 + 2*c**2 - 1. Let q be t(6). What is the highest common factor of q and 60?
12
Let t(w) = -w + 2. Let n be t(6). Let l be (n/(-10))/((-2)/(-10)). What is the greatest common divisor of 10 and l?
2
Let n = 8 + -5. Suppose -c = -n*c + 60. Calculate the highest common factor of c and 75.
15
Let h = 511 + -302. What is the greatest common divisor of h and 11?
11
Let b = 19 - 27. Suppose 5*u + 10 = -50. Let m = b - u. What is the highest common divisor of 16 and m?
4
Suppose -13 = -2*y - 3*b + 6*b, 0 = -4*b - 12. Suppose 0*j + 3*q + 36 = y*j, 12 = -3*q. What is the greatest common divisor of j and 24?
12
Let w be (-3)/(9/(-3)) - -7. Let n = 31 + -6. Suppose -4 = f + m - 11, -m - n = -3*f. Calculate the greatest common divisor of w and f.
8
Suppose -4*b + 8 = 0, 6*x - x - 5*b = 10. Calculate the greatest common factor of 36 and x.
4
Let u = 5 + 1. Calculate the greatest common divisor of u and 36.
6
Let q = -51 + 83. What is the greatest common divisor of q and 4?
4
Let i be 6/2 - (6 + -5). What is the greatest common factor of i and 10?
2
Let h(c) = c**3 + 3*c**2 + c - 2. Let w be h(-2). Let v(u) = -u + 20. Let i be v(w). Let b = -8 + i. Calculate the highest common divisor of b and 12.
12
Suppose 94 = 4*a - 4*k - 70, 0 = -3*a - k + 103. Calculate the highest common factor of a and 24.
12
Suppose 6*d - 3*i - 8 = d, -2*d = 3*i - 20. Suppose -2*c + 0 + 10 = 2*s, -5*s - 4*c + 28 = 0. Calculate the highest common divisor of s and d.
4
Let a be 70/(-15)*(-18)/4. What is the greatest common divisor of a and 168?
21
Suppose 3*l - g - 628 = 0, 5*l + 2*g - 834 = l. Calculate the highest common factor of 19 and l.
19
Suppose 12 + 6 = 2*t. What is the highest common divisor of 9 and t?
9
Let g(b) = b**3 + 8*b**2 - 3*b - 11. Let y be 4/(-3)*(-6)/4. Suppose 2*z + 32 = -y*z. Let n be g(z). What is the highest common factor of 13 and n?
13
Let p(b) = 3*b - 2. Let h be p(3). Let q(k) = 77*k**2 - k + 1. Let o be q(1). What is the highest common divisor of o and h?
7
Suppose -5*r - 3 = 3*w + 1, 4*w - 4*r - 16 = 0. Suppose w*m - 39 = 131. What is the highest common factor of 17 and m?
17
Let i(t) = t**3 - 10*t**2 + 10*t + 5. Let q be -4*((-1)/4 + -2). Let r be i(q). Calculate the greatest common factor of 21 and r.
7
Suppose 4*m + 0*m + 20 = -4*z, 5*m - 2*z + 46 = 0. Let j be (-6)/m + (-2135)/(-28). Calculate the greatest common divisor of j and 11.
11
Let q be 1 + (32 - -1) - (1 + 1). What is the greatest common divisor of 80 and q?
16
Let d be (-2)/(-7) + (-27)/21. Let s = 3 - d. Let v = 8 - -8. What is the highest common factor of s and v?
4
Suppose -u - 4 = u. Let m be (-462)/12*1*u. What is the greatest common divisor of 11 and m?
11
Let n be 44 + (-3)/3 - 0. Let o = n + -22. What is the greatest common factor of o and 7?
7
Let d = 42 + -39. What is the highest common divisor of 12 and d?
3
Let y = -144 + 296. Calculate the highest common divisor of y and 19.
19
Let w(r) = r**2 - 11*r - 11. Let v be w(13). Suppose 2*z + v = 85. Suppose -3*p = -0*p - 42. What is the greatest common divisor of p and z?
7
Let y be ((-204)/(-119))/(100/49 - 2). What is the greatest common factor of 21 and y?
21
Suppose -2*k - 50 = -0*k + l, k - 4*l = -16. Let r = k - -45. Calculate the highest common factor of r and 3.
3
Let v(f) = -f**3 + 6*f**2 + 6*f - 9. Let t be v(7). Let r = t - -32. Let d be -1 + 2 - 0 - -175. Calculate the greatest common factor of r and d.
16
Let y(c) = -5*c - 15. Let d be y(-8). What is the highest common factor of 5 and d?
5
Let g(m) = 2*m + 8. Let j be g(3). What is the greatest common factor of 21 and j?
7
Let i = 90 - 9. Let f be ((-18)/(-12))/((-6)/8). Let t be 9*(2 + (-3 - f)). Calculate the greatest common factor of i and t.
9
Let u(n) = 2*n - 11. Let r be u(12). What is the greatest common factor of r and 91?
13
Suppose -3*c + 8*c = 4*a + 14, 10 = -c + 4*a. What is the greatest common divisor of c and 3?
3
Let a be 2/(-5) + (-312)/(-30). Let d = -6 + a. Let h = d + 8. Calculate the highest common factor of h and 4.
4
Suppose 0*y + 1200 = 10*y. What is the greatest common factor of y and 10?
10
Let f(h) = -h - 13. Let y be f(-13). Suppose -i + 30 - 3 = y. Calculate the greatest common factor of 189 and i.
27
Let w = 6 - 4. Suppose w*t = t + 2. Suppose -t*a - 2*m = 14 - 52, -5*m + 47 = 2*a. What is the greatest common factor of 80 and a?
16
Suppose -4*c = -3*q + 384, 0*c + c = -3*q + 399. Let h = -653 - -665. Calculate the greatest common factor of h and q.
12
Suppose -5*o + n - 813 = -2563, -2*o + 700 = 5*n. Let x = o + -184. Suppose 47 - x = -v. What is the highest common factor of 17 and v?
17
Suppose d - 1 = 4. Let i be (-1)/3*0 + d. Let c be 35/(0 - 2/(-2)). What is the highest common divisor of i and c?
5
Let i be 7/(-1)*-1*4. Suppose -222 - 5 = -5*u - 4*w, 5*w = 15. Let t = -29 + u. Calculate the greatest common divisor of i and t.
14
Suppose 11*l - 141 = -31. What is the highest common divisor of l and 2?
2
Suppose 2*q = -o - 22 + 163, -3*o = q - 438. Calculate the highest common divisor of o and 21.
21
Let i(j) be the third derivative of -j**4/24 - j**3/6 - 2*j**2. Let n be i(-3). What is the highest common factor of n and 4?
2
Let k = -10 + 1. Let r be (k + -2)*-1 + 1. Let z = -15 + 27. Calculate the greatest common factor of r and z.
12
Suppose -3*m + 2*i = 6*i - 274, -5*m + 500 = -2*i. What is the greatest common divisor of 14 and m?
14
Let p(f) = 2*f**2 - 5*f - 2. Let j be p(4). Let a = -3 + j. Let d = 48 + 8. What is the greatest common factor of d and a?
7
Suppose -2*h = 4*k, h - 3*k = -3*h + 55. What is the greatest common factor of h and 190?
10
Let h(f) = -f + 8. Let q(n) = -6*n**2 + 2*n + 1. Let l be q(-1). Let y be h(l). What is the greatest common factor of y and 5?
5
Suppose 24*t - 22*t - 16 = 0. Calculate the highest common divisor of t and 4.
4
Suppose -2*t = 3*t - 45. Suppose p = -5*f + 359, 3*f - 120 = -2*p + 94. Calculate the highest common factor of f and t.
9
Let g be (-1)/(6/2 - 4). What is the highest common divisor of 11 and g?
1
Let x(f) = 7*f + 13. Let s be x(5). What is the greatest common divisor of 3 and s?
3
Let t be 1/(45/669) - (-8)/60. What is the greatest common factor of t and 30?
15
Suppose 0*x + 130 = 5*u - 2*x, 4*u - 71 = -5*x. Let o = 48 - u. Let b(v) = 2*v - 2. Let t be b(7). Calculate the greatest common divisor of t and o.
12
Suppose y + 14 - 34 = 0. Let s(m) = 2*m + 2. Let p be s(3). What is the highest common factor of p and y?
4
Suppose 3*d = 2*j - 7, 0 = -3*j - j - 3*d - 13. Let t be j*(1 + 2/1). Let l(a) = -13*a + 3. Let o be l(t). Calculate the highest common factor of o and 14.
14
Suppose d - 2*d = 5, 5*t = -5*d + 35. Suppose 3*c = 6*c. Suppose 2*y + 5*m - 148 = c, -144 = -3*y - 4*m + 92. Calculate the greatest common divisor of y and t.
12
Let k be (3/4)/(7/28). Suppose 166 = k*b - 575. Suppose j = -5*m + b, 0*m - 2*m + 85 = 5*j. Calculate the greatest common divisor of 20 and m.
10
Suppose 44 = 3*f - 196. What is the highest common factor of 16 and f?
16
Let y = -11 + 6. Let h(o) = -2*o**3 - 7*o**2 - o - 2. Let z be h(y). Calculate the greatest common divisor of 13 and z.
13
Suppose -2*k = 3*v - k - 26, -2*k - 4 = -2*v. What is the greatest common factor of 7 and v?
7
Suppose -4*y - 81 = -5*o, 2*o - 6 = 3*y - 8*y. Let a = 174 - 83. What is the greatest common factor of o and a?
13
Suppose 16*c = 19*c - 54. What is the greatest common divisor of c and 2?
2
Let u = 7 + -3. Suppose -a - s = -4*s, 0 = u*a - 4*s. Suppose -f + 16 - 4 = w, a = -2*w + 4*f + 18. Calculate the greatest common factor of 11 and w.
11
Let x = 6 + -16. Let l = 50 - x. Suppose 2*u = 8 + 16. What is the highest common divisor of u and l?
12
Suppose 2*x = 4*x + 4*c - 280, 3*x = -4*c + 412. Calculate 